{"id":16,"date":"2024-12-13T10:59:00","date_gmt":"2024-12-13T09:59:00","guid":{"rendered":"http:\/\/davnstech.com\/index.php\/services-page\/"},"modified":"2024-12-13T13:20:13","modified_gmt":"2024-12-13T12:20:13","slug":"services-page","status":"publish","type":"page","link":"http:\/\/davnstech.com\/index.php\/services-page\/","title":{"rendered":""},"content":{"rendered":"\n<main class=\"wp-block-group is-layout-flow wp-container-core-group-is-layout-5e28f8c7 wp-block-group-is-layout-flow\" style=\"margin-top:0;margin-bottom:0;padding-top:0;padding-right:0;padding-bottom:0;padding-left:0\">\n<div class=\"wp-block-group alignfull has-ti-bg-alt-background-color has-background is-layout-constrained wp-container-core-group-is-layout-ca21e7af wp-block-group-is-layout-constrained\" style=\"margin-top:0;margin-bottom:0;padding-top:var(--wp--preset--spacing--80);padding-right:var(--wp--preset--spacing--40);padding-bottom:var(--wp--preset--spacing--80);padding-left:var(--wp--preset--spacing--40)\">\n<h1 class=\"wp-block-heading alignwide has-text-align-center\">Nos Services<\/h1>\n<\/div>\n\n\n\n<div class=\"wp-block-group alignfull is-content-justification-center is-layout-constrained wp-container-core-group-is-layout-1313c73e wp-block-group-is-layout-constrained\" style=\"margin-top:0px;margin-bottom:0px;padding-top:64px;padding-bottom:64px\">\n<div class=\"wp-block-group alignwide animated backInUp is-layout-flow wp-container-core-group-is-layout-c304226c wp-block-group-is-layout-flow\">\n<div class=\"wp-block-columns is-layout-flex wp-container-core-columns-is-layout-28f84493 wp-block-columns-is-layout-flex\"><\/div>\n\n\n\n<div class=\"wp-block-columns are-vertically-aligned-top is-layout-flex wp-container-core-columns-is-layout-ec2e7a44 wp-block-columns-is-layout-flex\" style=\"border-style:none;border-width:0px;padding-top:0;padding-bottom:0\">\n<div class=\"wp-block-column is-vertically-aligned-top is-layout-flow wp-container-core-column-is-layout-47e5a185 wp-block-column-is-layout-flow\">\n<div class=\"wp-block-group is-content-justification-left is-layout-constrained wp-container-core-group-is-layout-44ff0204 wp-block-group-is-layout-constrained\" style=\"border-radius:5px\">\n<figure class=\"wp-block-image size-full\"><img decoding=\"async\" src=\"http:\/\/davnstech.com\/wp-content\/themes\/neve-fse\/assets\/img\/neve-fse-img10.jpg\" alt=\"\"\/><\/figure>\n\n\n\n<h3 class=\"wp-block-heading\">Conception de projet<\/h3>\n\n\n\n<p>Tout projet r\u00e9ussi commence par une vision claire. Nous travaillons main dans la main avec vous pour d\u00e9finir vos besoins, r\u00e9fl\u00e9chir aux meilleures solutions et transformer vos id\u00e9es en un cahier des charges pr\u00e9cis. <\/p>\n\n\n\n<p>Gr\u00e2ce \u00e0 notre m\u00e9thodologie rigoureuse, chaque \u00e9tape est pens\u00e9e pour garantir que votre projet r\u00e9pond parfaitement \u00e0 vos attentes.<\/p>\n\n\n\n<p> De l&rsquo;analyse des objectifs \u00e0 la planification strat\u00e9gique, nous posons les bases solides de votre r\u00e9ussite<\/p>\n<\/div>\n<\/div>\n\n\n\n<div class=\"wp-block-column is-vertically-aligned-top is-layout-flow wp-container-core-column-is-layout-47e5a185 wp-block-column-is-layout-flow\">\n<div class=\"wp-block-group is-content-justification-left is-layout-constrained wp-container-core-group-is-layout-44ff0204 wp-block-group-is-layout-constrained\" style=\"border-radius:5px\">\n<figure class=\"wp-block-image size-full\"><img decoding=\"async\" src=\"http:\/\/davnstech.com\/wp-content\/themes\/neve-fse\/assets\/img\/neve-fse-img11.jpg\" alt=\"\"\/><\/figure>\n\n\n\n<h3 class=\"wp-block-heading\">D\u00e9veloppement sur mesure<\/h3>\n\n\n\n<p>De la cr\u00e9ation de sites web modernes \u00e0 la conception de logiciels robustes en passant par le d\u00e9veloppement de jeux immersifs, notre expertise couvre un large \u00e9ventail de technologies. PHP, Node.js, TypeScript, C++, Java\u2026 <\/p>\n\n\n\n<p>Peu importe la complexit\u00e9, nous avons les comp\u00e9tences pour concevoir des solutions sur mesure qui s\u2019adaptent \u00e0 vos besoins. <\/p>\n\n\n\n<p>Avec un souci constant de performance, d&rsquo;innovation et de design, nous transformons vos projets en outils puissants et intuitifs.<\/p>\n<\/div>\n<\/div>\n\n\n\n<div class=\"wp-block-column is-vertically-aligned-top is-layout-flow wp-container-core-column-is-layout-47e5a185 wp-block-column-is-layout-flow\">\n<div class=\"wp-block-group is-content-justification-left is-layout-constrained wp-container-core-group-is-layout-44ff0204 wp-block-group-is-layout-constrained\" style=\"border-radius:5px\">\n<figure class=\"wp-block-image size-full\"><img decoding=\"async\" src=\"http:\/\/davnstech.com\/wp-content\/themes\/neve-fse\/assets\/img\/neve-fse-img09.jpg\" alt=\"\"\/><\/figure>\n\n\n\n<h3 class=\"wp-block-heading\">Support et S.A.V.<\/h3>\n\n\n\n<p>Votre satisfaction ne s\u2019arr\u00eate pas \u00e0 la livraison. Nous vous accompagnons \u00e0 chaque \u00e9tape, en vous offrant un support technique r\u00e9actif et des conseils personnalis\u00e9s pour tirer le meilleur parti de vos outils. <\/p>\n\n\n\n<p>Besoin de mises \u00e0 jour, de formations ou d\u2019une optimisation continue ? <\/p>\n\n\n\n<p>Notre \u00e9quipe est \u00e0 vos c\u00f4t\u00e9s pour vous garantir une exp\u00e9rience sans souci et un projet toujours \u00e0 la pointe<\/p>\n<\/div>\n<\/div>\n<\/div>\n<\/div>\n<\/div>\n\n\n\n<div class=\"wp-block-cover alignfull\" style=\"margin-top:0;margin-bottom:0;padding-top:24px;padding-right:24px;padding-bottom:24px;padding-left:24px;min-height:500px;aspect-ratio:unset;\"><span aria-hidden=\"true\" class=\"wp-block-cover__background has-ti-bg-inv-background-color has-background-dim-100 has-background-dim\"><\/span><div class=\"wp-block-cover__inner-container is-layout-flow wp-block-cover-is-layout-flow\">\n<div class=\"wp-block-group has-ti-fg-alt-color has-text-color is-layout-constrained wp-block-group-is-layout-constrained\">\n<h2 class=\"wp-block-heading alignwide has-text-align-center has-huge-font-size\">Transformons vos id\u00e9es en solutions innovantes<\/h2>\n\n\n\n<p class=\"has-text-align-center\">Forts d\u2019une expertise \u00e9prouv\u00e9e dans la cr\u00e9ation de sites web, nous ma\u00eetrisons des technologies allant de PHP \u00e0 TypeScript.<\/p>\n\n\n\n<p class=\"has-text-align-center\">Nos comp\u00e9tences en d\u00e9veloppement logiciel, du C++ au Java, nous permettent de concevoir des applications robustes et adapt\u00e9es \u00e0 vos besoins. <\/p>\n\n\n\n<p class=\"has-text-align-center\">Faites confiance \u00e0 notre \u00e9quipe qui combine exp\u00e9rience et innovation pour donner vie \u00e0 vos projets les plus ambitieux !<\/p>\n\n\n\n<div class=\"wp-block-buttons is-content-justification-center is-layout-flex wp-container-core-buttons-is-layout-a89b3969 wp-block-buttons-is-layout-flex\">\n<div class=\"wp-block-button\"><a class=\"wp-block-button__link wp-element-button\" href=\"http:\/\/davnstech.com\/index.php\/contact-page\/\">Contactez Nous !<\/a><\/div>\n<\/div>\n<\/div>\n<\/div><\/div>\n<\/main>\n\n\n\n<p><\/p>\n","protected":false},"excerpt":{"rendered":"<p>Nos Services Conception de projet Tout projet r\u00e9ussi commence par une vision claire. Nous travaillons main dans la main avec vous pour d\u00e9finir vos besoins, r\u00e9fl\u00e9chir aux meilleures solutions et transformer vos id\u00e9es en un cahier des charges pr\u00e9cis. Gr\u00e2ce \u00e0 notre m\u00e9thodologie rigoureuse, chaque \u00e9tape est pens\u00e9e pour garantir que votre projet r\u00e9pond parfaitement [&hellip;]<\/p>\n","protected":false},"author":1,"featured_media":0,"parent":0,"menu_order":0,"comment_status":"closed","ping_status":"closed","template":"template-plain","meta":{"_themeisle_gutenberg_block_has_review":false,"footnotes":""},"class_list":["post-16","page","type-page","status-publish","hentry"],"_links":{"self":[{"href":"http:\/\/davnstech.com\/index.php\/wp-json\/wp\/v2\/pages\/16","targetHints":{"allow":["GET"]}}],"collection":[{"href":"http:\/\/davnstech.com\/index.php\/wp-json\/wp\/v2\/pages"}],"about":[{"href":"http:\/\/davnstech.com\/index.php\/wp-json\/wp\/v2\/types\/page"}],"author":[{"embeddable":true,"href":"http:\/\/davnstech.com\/index.php\/wp-json\/wp\/v2\/users\/1"}],"replies":[{"embeddable":true,"href":"http:\/\/davnstech.com\/index.php\/wp-json\/wp\/v2\/comments?post=16"}],"version-history":[{"count":3,"href":"http:\/\/davnstech.com\/index.php\/wp-json\/wp\/v2\/pages\/16\/revisions"}],"predecessor-version":[{"id":49,"href":"http:\/\/davnstech.com\/index.php\/wp-json\/wp\/v2\/pages\/16\/revisions\/49"}],"wp:attachment":[{"href":"http:\/\/davnstech.com\/index.php\/wp-json\/wp\/v2\/media?parent=16"}],"curies":[{"name":"wp","href":"https:\/\/api.w.org\/{rel}","templated":true}]}}